
13
Evaluate 11 + 1 + (-8 - -1 - (2 + 26)).
-23
Evaluate (-82 - -41) + 65 + -54.
-30
What is the value of 15 - 21 - (-3 + -2 + -2 - 0)?
1
Calculate -4 + 24 - (10 + -2 - 2).
14
What is the value of 7 + -6 + (-7 - 6) + 6?
-6
Calculate (18 - 19) + -8 + 12 + 3.
6
What is the value of 0 + 7 + -1 - (19 + -18 + -11)?
16
Calculate -2 - (6 - ((6 - 7) + 6)).
-3
0 + -1 + -6 + (-6 - (-7 + 19))
-25
Calculate (-14 - -9) + 8 - 26.
-23
3 + -11 + -12 + -2
-22
Calculate 23 - (8 - 30 - -25).
20
What is (-8 - -3 - 3) + 6 + -1?
-3
Evaluate 11 - (-26 + 24 + 20).
-7
Calculate -15 + (1 - 5) + 4 + -14 + 22.
-7
Evaluate (14 - -4) + -16 - (-4 + 2 - -13).
-9
What is the value of 17 + 0 + -14 + -5 + 3?
1
What is -3 + 8 + (-23 - -14)?
-4
-1 + -9 + (430 - 410)
10
What is (-4 - -31) + 55 + -72?
10
What is (-12 + -4 - -12) + (-2 - -2) + 6?
2
What is -4 - (7 + -13 + 11)?
-9
-131 + 126 + (-1 - (1 - 0)) + 4
-3
What is the value of -1 + 18 - (20 - 10)?
7
Evaluate -34 + 15 + -16 - -46.
11
Evaluate -6 - 16 - -46 - 13.
11
What is the value of 13 - (-2 + 3) - (-9 + 2 - -11)?
8
Calculate 23 - (6 - 7 - -19).
5
What is -229 - -174 - (-4 + -11)?
-40
What is 20 - 0 - (820 + -779)?
-21
-8 + (-8 - (-39 + -3)) + -5
21
What is the value of -20 + (-4 - -38) + 1 + -11?
4
What is (-5 - (-7 - -14)) + 4 + -9?
-17
Calculate -2 - 0 - 11 - 1 - (7 + -5).
-16
Calculate (-12 - 4) + 26 + -11.
-1
Evaluate 12 - (0 - -6) - (21 + 10).
-25
What is the value of -2 + (0 + -4 - 2) + (14 - 3)?
3
Calculate 2 + 7 - 9 - -7.
7
What is (1 + 0 - (4 - 9)) + -61 + 21?
-34
What is 7 + 3 + -16 + 10 + -5?
-1
Calculate 18 - (4 - (-17 - -12) - 15).
24
Calculate 1 - -5 - (4 + -54 + 38).
18
Calculate 20 + -14 + 40 + -65.
-19
Evaluate 7 - 0 - (17 + 3 - 18).
5
Calculate (23 - (5 - (13 - 3) - 2)) + -9.
21
What is 25 + -31 + 1 + -8 + 2?
-11
Calculate -8 + (13 - 6) + (-1 - -4).
2
Calculate (-1 - -1) + 17 + -20 + 10.
7
Evaluate 8 + -6 - (0 + 1).
1
What is 10 + -27 + (-6 - (13 - 15))?
-21
Evaluate -7 + 4 + -1 + (7 - (4 + 0)).
-1
What is 3 + (12 - (11 - -5) - (0 + -1))?
0
Calculate -18 - (11 + -31) - (0 - -5).
-3
What is the value of -12 - 1 - (16 - (-3 - -23)) - 2?
-11
What is the value of -36 + 12 - (4 - (-3 + -2 + 8))?
-25
What is the value of (17 - 11) + 7 + -6 + 15?
22
10 + -16 + -22 - -18
-10
What is 11 + -4 + (1 + -4 - -2) + 8?
14
Evaluate (0 - -3) + (-12 - (4 - -22)) + 7.
-28
What is the value of -28 - ((-19 - -8 - -9) + -8) - 0?
-18
Calculate -2 - (-1 + 2 + -2 + -7 + 6).
0
What is the value of -9 + 9 + (-1 - 5) - -10?
4
Evaluate 0 + 5 - (1 + (-3 - -1) + 8).
-2
What is 28 - (4 - 4) - (-7 + 21 + -7)?
21
What is the value of 43 - (-32 + -1 + 49)?
27
Evaluate 1 + (-11 + 6 - -1) - (-61 - -45).
13
Evaluate -7 - (-1 + 11 + -9 + 2).
-10
0 + (-4 - -8) - (-22 + 21)
5
(-2 - -1 - (-10 - -3)) + -19 + 24
11
What is (24 - (-4 - 2)) + -1 + (12 - 5)?
36
46 - (-16 - (-13 - 27))
22
What is (-5 - (-8 - (-7 + 6))) + -1?
1
What is the value of 26 + 3 + -21 + -5?
3
What is the value of (-7 - -27) + (4 - -13) + -19?
18
Calculate (14 - 32) + 4 + 9 + 1.
-4
What is the value of 6 - -1 - (30 - 27) - (-13 - -6)?
11
Calculate (-13 - (-15 - -13)) + 1.
-10
Evaluate 0 + -3 + ((-15 - -30) + -28 - -12).
-4
Calculate -3 - (1 + 2 - (91 + -80)).
5
Calculate (12 - 3) + (1 + -2 - (379 - 378)).
7
Calculate (18 - (-2 + 14)) + -2 + 8.
12
-16 + 7 - 19 - -22
-6
What is the value of -4 + -23 + (-10 - -28)?
-9
What is 2 + -4 + (-1 - (-9 + 7))?
-1
Calculate (-23 - (17 - 23) - (0 - 2)) + 6.
-9
What is the value of 135 - 98 - (1 - -6)?
30
Evaluate 7 - (-16 + 3 - (-27 - -21) - 21).
35
What is 245 + -236 - (2 + -1)?
8
Evaluate (-6 - -2) + (-7 - -16) + -3.
2
Calculate -10 - (-11 - (8 - (13 + -5))).
1
What is the value of 8 + 39 + -27 + -7?
13
(23 - (18 - 7)) + 0 + -3 + 6
15
What is the value of 16 + 5 + -84 + 78?
15
Evaluate -52 + 81 + -50 + 8.
-13
-13 + (22 - (-38 - -23))
24
What is the value of -6 + 0 - (-36 + 14 + -26 - -16)?
26
What is the value of (2 + -19 - -45) + -18?
10
Evaluate -64 + 26 + 76 - 45.
-7
Calculate -7 - (-40 + 31 - (-9 - 1)).
-8
-6 + (-10 - -26) - 10
0
Calculate -28 + (-7 - -17) + 4.
-14
What is -3 + 8 + 1 - -7 - 0?
13
(-8 - (1 - 5)) + (24 - (0 + 7))
13
Calculate -14 + -6 + (-12 - (-6 + -7)).
-19
What is the value of 7 + (3 + 13 + -15 - (-1 + 7))?
2
What is the value of -1 - (-9 + (18 - 23) + (-1 - -10))?
4
What is the value of 28 + (-32 - 23) + 20?
-7
What is the value of -2 - 12 - 20 - -48?
14
What is (-1 - 0) + -11 + (2 - (-1 + -1))?
-8
Calculate 3 - -2 - ((-5 - 1) + 12 + 2).
-3
Evaluate (176 - 172) + (-2 - 3).
-1
What is (3 - 6 - (4 - 1)) + (-13 - -27)?
8
Evaluate 13 + -4 + 1 + -4 - -9.
15
What is -4 - -3 - 1 - (5 - (-2 + 11))?
2
(-8 - 0) + (-10 - (9 + -21 + 5))
-11
Calculate -33 - (13 + ((-5 - -14) + -14 - 6)).
-35
Calculate -36 + (-736 - -727) + (-1 + -1 - -12).
-35
What is the value of 11 + -5 + -3 + (14 - 18)?
-1
What is (29 + -27 - (2 + -1 - 5)) + 1?
7
What is the value of -1 + (7 + -11 - -9 - -2)?
6
What is (-11 - -5) + 13 + -1 - 5?
1
(2 - 4) + -1 + -1 - (97 - 118)
17
-4 - (9 - 0 - (-22 - -41 - 23))
-17
Evaluate (10 - -4) + 7 + -11 - -2.
12
Evaluate 19 + -39 - (1 + -9) - 3.
-15
20 - (10 - 6 - -1)
15
(-52 - -67) + (0 - 5)
10
-6 + 16 - 3 - (49 + -8)
-34
Calculate 1 + (-8 - -11) - 9 - 9.
-14
What is the value of -1 + -22 + 5 + 12?
-6
-2 - 0 - -9 - (28 + -36 + 15)
0
Evaluate (1 - 10) + (-30 + 35 - 11).
-15
(0 + 23 - 34) + 21
10
-25 - ((-33 - -15) + 5)
-12
Calculate (-1 - (23 + -3 - 11)) + -2.
-12
Calculate 2473 - 2495 - ((1 + 1 - 5) + 0).
-19
What is the value of (-8 + (8 - 7) - -7) + (-1 - 1)?
-2
Evaluate 5 - (-2 - -8) - (5 - -6).
-12
What is the value of -13 + 6 + -2 + 8?
-1
Evaluate (21 - -10) + -16 + -2.
13
Evaluate 2 + (-2 - 7) + 7 - (3 - -22).
-25
What is -15 - (-27 - (-6 + -10))?
-4
What is the value of -73 + 94 + -50 + 25?
-4
4 + 19 + -16 + -9 + (7 - 0)
5
What is the value of 6 + -2 + 2 - (17 + -7 - -7)?
-11
What is the value of 19 - (66 - 16 - 21)?
-10
(0 - -21) + (-17 - -16) - (-118 + 120)
18
Calculate 3 + -44 + 23 + 18.
0
What is 3 - ((15 - 17) + 13)?
-8
What is -9 + 1 - 0 - (2 + -7)?
-3
What is the value of (-11 - -5) + 0 - (-3 - 11)?
8
Calculate (-28 - (-18 - 0)) + 17 + 1.
8
What is the value of -29 + -30 + 31 + 51?
23
Evaluate 0 - -15 - (-524 + 535).
4
3 - ((-6 - -28) + -24 + 11)
-6
-2 + -2 + (-186 - -182)
-8
Evaluate (11 - (17 + -9)) + 9.
12
Evaluate -18 + -24 + 54 - (0 - -14).
-2
What is -17 + (-16 - (-8 + -10 + -1))?
-14
Evaluate 10 + 5 - (21 - (7 - (2 - 4))).
3
8 - (44 - ((18 - 11 - 1) + -3))
-33
-20 - -21 - 14 - -26
13
What is the value of 38 + (2 - 1) + (4447 - 4460)?
26
What is the value of -953 + 956 - (2 + -1 + -15)?
17
Calculate 11 + (-84 - -18) + 31.
-24
Calculate -11 - (5 + (-23 - (8 - 15))).
0
Evaluate -15 - -2 - (29 - 54 - -26).
-14
Calculate (-60 - -46) + (-9 - (0 + -3)).
-20
Calculate 14 - (20 + -9) - 9.
-6
What is the value of (3 - -5) + 5 - (-13 + 11)?
15
What is the value of -6 - ((-73 - -68) + (-4 - 1))?
4
-22 + -4 + (21 - (-10 - -16))
-11
What is the value of 7 + (8 - (-4 + 8 + 0))?
11
Evaluate 4 - -11 - 5 - 9 - -5 - 23.
-17
What is (13 - (9 + -5)) + 28 + -26?
11
What is 5 + -2 + 0 - (3 + -7 - 2)?
9
27 - (-26 + 41) - -11
23
What is the value of -15 + (14 + 21 - 12)?
8
Evaluate 48 - 29 - ((1 - 4) + 3 + 3).
16
Evaluate (-33 - (-8 + 0 + 7)) + 11.
-21
Calculate 5 + (3 - 7) + 7 + 1.
9
Evaluate (10 - 13) + (-1 - (14 + -4 + 2)).
-16
Evaluate 11 + -14 + -1 + 2 + 1 - 2.
-3
Evaluate -66 + 52 - (-24 - 0).
10
Evaluate (36 + (-6 - -7 - 5) - 8) + -3.
21
Evaluate -2 + 9 + 0 + -8 - (-9 - 1).
9
5 - (1 - (0 + -4) - 12)
12
What is the value of -9 + 1 + -18 + 15 - 22?
-33
18 + (-7 - -12) + -28
-5
-27 - (-31 - 11 - -12)
3
Calculate 113 - 111 - (24 + 1).
-23
Evaluate 1 + -2 + (-2 - -5) - (1 + -5).
6
What is the value of 5 - (1 - (-8 + 5))?
1
What is the value of (42 + 20 - 22) + -79?
-39
(0 + 2 - 4 - -6) + -8 - -20
16
Calculate 2 - (-36 + 5 - -11).
22
Evaluate 3 - -4 - (5 - (5 + 4 + 2)).
13
5 - (12 + -7 + 5) - -21
16
What is (-1 - -1) + 3 + 2 - (746 - 751)?
10
-18 + (-1 - -6) - -7 - -17 - 5
6
What is 21 - (9 - 11 - -14)?
9
What is (-2 + 9 - 9 - -8) + 8?
14
What is 11 + 13 - ((9 - 3) + -4)?
22
-23 - (-33 - (-28 - 3))
-21
What is 2 - (2 + 4) - (2 + 5 - -2)?
-13
-24 + (-33 - -42) + -7
-22
What is (215 - 191) + 1 + -16?
9
What is the valu